vided by k.
11
Suppose 3*d - 5*j - 32 = 0, -4*j - 10 = -d + 10. What is the remainder when d/(-10) - (-92)/5 is divided by 5?
3
Let l(u) be the first derivative of -2 + 0*u + 0*u**3 + 17/2*u**4 + 1/2*u**2. What is the remainder when l(1) is divided by 18?
17
Let w = 52 + -28. Calculate the remainder when w is divided by 7.
3
Suppose 10*s - 22 = 48. Calculate the remainder when 19 is divided by s.
5
Let a = -3 - -4. Suppose 10 = -0*y + 2*y. Suppose v - 3*v = 5*w - 7, y = 4*w + v. Calculate the remainder when w is divided by a.
0
Let j be 0 + 2 - (-360)/5. Let w = j - -37. Calculate the remainder when w is divided by 28.
27
Suppose 0 = 3*o - 28 - 14. Calculate the remainder when 1/(1/24) + 2 is divided by o.
12
Calculate the remainder when 36 is divided by ((32 - -4) + 2)/2.
17
What is the remainder when ((-118)/10)/(8/(-40))*1 is divided by 15?
14
Let x be 46/(-3) + (-5)/(-15). Let k = x - -43. What is the remainder when 109 is divided by k?
25
Let b(s) = -6*s + 1. Let p be b(-1). Let c = 3 + p. What is the remainder when 28 is divided by c?
8
Suppose 3*k - 19 = -1. What is the remainder when 10 is divided by k?
4
Let w(v) = -v**3 - 8*v**2 - 10*v - 6. What is the remainder when 27 is divided by w(-7)?
12
Let i = 0 + 34. Calculate the remainder when i is divided by 18.
16
Suppose 2*h = 3*h + 4. Let q(n) = -2*n - 2. Calculate the remainder when 15 is divided by q(h).
3
What is the remainder when 47 is divided by (6 - 4)/((-4)/(-20) + 0)?
7
Let g be 10 + (0 - 1) + -3. Suppose 2*h + 24 = g*h. Calculate the remainder when 21 is divided by h.
3
Let r = -19 - -17. What is the remainder when 34 is divided by (-108)/(-6)*r/(-3)?
10
Let h(n) = 2*n**3 - 13*n**2 + 8*n - 2. Calculate the remainder when 118 is divided by h(6).
8
Let v(j) = -j**2 + j + 37. Suppose -5*b + 0*b = 0, d + 3*b = 0. Calculate the remainder when v(d) is divided by 10.
7
Let j = 233 + -208. What is the remainder when j is divided by 10?
5
Let n = -13 + 11. What is the remainder when (-2 + 2)/n - -3 is divided by 3?
0
Let a(d) = -d + 8. Suppose 0 = b - 4*j - 0*j - 27, b - 2*j - 21 = 0. Calculate the remainder when b is divided by a(0).
7
Let w be 3/(-2)*40/(-15). Let a = 14 + -7. Calculate the remainder when ((-24)/14)/(w/(-28)) is divided by a.
5
Suppose 66 = 5*h + 26. Calculate the remainder when 54 is divided by h.
6
Suppose -4*s + s = -183. Suppose -2*j - 95 = 5*w + 3*j, 2*w + 50 = -5*j. Calculate the remainder when s is divided by (-18)/2*35/w.
19
Suppose 0 = -5*b + 23 + 2. Suppose -b*r + 2*c = -84, -r = 4*r - 5*c - 90. Calculate the remainder when 47 is divided by r.
15
Suppose -4*d + 12 = -4*v, 6 = -d - v - v. Let q = -6 + d. Let o = q - -8. What is the remainder when 4 is divided by o?
0
Let c(j) = -2*j - 8. Let g(p) = 5*p - 2*p + 8 - 5*p. Let a be g(7). What is the remainder when c(a) is divided by 3?
1
Let n(c) = c**3 - 2*c**2 - 9*c + 5. What is the remainder when n(4) is divided by 1?
0
Suppose -7 = -t + 2*f, -5 = 2*t - 3*t + f. Let k be 19/(-2) - t/6. Let n(d) = -d**3 - 11*d**2 - 16*d - 10. Calculate the remainder when n(k) is divided by 17.
16
Suppose 2*x + 2*p - 58 = 0, 7*x + 2*p = 3*x + 112. What is the remainder when 50 is divided by x?
23
Let y(d) = d**2 - 11*d - 12. Let k be y(12). Suppose k*n - n + 21 = -t, -2*n = -t - 37. What is the remainder when ((-3)/(-9))/(1/93) is divided by n?
15
Let z = 12 + -4. Let c = z - -14. Calculate the remainder when 85 is divided by c.
19
Suppose 6*i = 87 + 87. What is the remainder when 53 is divided by i?
24
Suppose 5*m = -0*m + 5. Let p be (-6)/(-12) - 6/(-4). Suppose -7 = -p*v - m. Calculate the remainder when 5 is divided by v.
2
Suppose 2*g = 27 + 7. Let q(l) = l + 7. Calculate the remainder when g is divided by q(3).
7
Let v(d) = 2*d - 4. Let j = 20 - 16. Calculate the remainder when 11 is divided by v(j).
3
Suppose 4*f - 83 = 3*n, -113 = -4*f + n - 32. What is the remainder when 0 + (7*8 - -2) is divided by f?
18
Suppose -3*p - 5*f = -278, -79 = -3*p + 3*f + 191. Calculate the remainder when p is divided by 24.
19
Let m = 0 - -1. Let k(x) = x**2 - x - 1. Suppose -3*s - 2*f + 10 = 0, -s + 4*s + 4*f = 14. What is the remainder when m is divided by k(s)?
0
Suppose -13*x = -10*x - 69. What is the remainder when 111 is divided by x?
19
Let s(g) = 8*g**2 + 1. Let u be s(-2). What is the remainder when u/(-6)*(-1 - 1) is divided by ((-12)/15)/(1/(-5))?
3
Let i = 25 - 12. Let x be 1 - (-37 + (-1)/1). What is the remainder when i is divided by x/9 + (-2)/(-3)?
3
Suppose 2*d + 6 = -f - 4*f, f = 5*d - 12. What is the remainder when 11 is divided by d?
1
Suppose -2*w - 2*f = f - 13, -3*f = 4*w - 17. Let m = 2 - -3. Suppose 0 = -5*s + 25 - m. What is the remainder when s is divided by w?
0
Suppose 0 = -3*m + 2*m + 131. What is the remainder when m is divided by 19?
17
Let u(q) = 5*q - 10. What is the remainder when 26 is divided by u(5)?
11
Suppose l + 2*r - 6 = 0, -5*l = -0*l + 3*r - 30. Suppose l*w - w - 25 = 0. What is the remainder when 8 is divided by w?
3
Suppose b = 13 + 4. Calculate the remainder when b is divided by 6.
5
Let a(i) be the second derivative of i**5/20 - i**4/3 + i**3/2 - 5*i**2/2 - 2*i. What is the remainder when a(5) is divided by 18?
17
Let n(z) = 3*z**3 + z. Let r be n(1). Let s = 6 + 4. Calculate the remainder when (-110)/(-6) + r/6 is divided by s.
9
Let r(o) = 2*o**3 - 4*o**2 - 5*o - 4. What is the remainder when 118 is divided by r(4)?
38
What is the remainder when 6/15 - (-193)/5 is divided by 21?
18
Suppose -y = 3*y - 16. Suppose -t - 84 = -3*t. Suppose 0 = 3*p - 6*p + t. Calculate the remainder when p is divided by y.
2
Let b = -17 - -92. What is the remainder when b is divided by 17?
7
Suppose -4 = 3*c - 4*c. What is the remainder when 18 - 1*(c + -4) is divided by 10?
8
Suppose -o = 3*u - 174, 3*o + 183 = 3*u + o. What is the remainder when u is divided by 15?
14
Let n(y) = y**2 + 5*y - 2. Let w be n(-6). Suppose -w*p = -m + 16, -5*m = -p + 13 - 74. What is the remainder when 23 is divided by m?
11
Suppose 5*i - 10 = 0, -3*v - 3*i = -7*v + 14. What is the remainder when 8 is divided by v?
3
Let v(l) = 6*l + 4. Let k(t) = -t**3 - 3*t**2 + t + 3. Calculate the remainder when v(9) is divided by k(-4).
13
Let o(h) = 6*h**2 + h. Let r be o(-1). Let l be (4/10)/(1/r). Suppose b + 26 = l*b. Calculate the remainder when b is divided by 9.
8
Let b = 116 + -101. Calculate the remainder when b is divided by 7.
1
Let n(w) = -3*w**3 - 5*w**2 - 3*w + 3. Let v be n(-3). Suppose p = -3*p + v. What is the remainder when 45 is divided by p?
9
Let x(p) = -p**3 - 7*p**2 + 27*p - 2. Calculate the remainder when x(-10) is divided by 6.
4
Let j = 48 + -15. Suppose -9*i + 6*i + 51 = 0. Calculate the remainder when j is divided by i.
16
Let v be (-2)/(2 + 9/(-3)). Suppose 30 = o - 0*o + v*x, -x = -5. What is the remainder when o is divided by 11?
9
Suppose 3*z + 165 = -l, 2*l - z + 173 = l. Let q = -86 - l. Calculate the remainder when q is divided by 22.
19
Let b = 5 - -29. Calculate the remainder when 100 is divided by b.
32
Let c(a) = a**2 - 5*a + 7. Let q be c(10). Let u = q - 26. What is the remainder when u is divided by 16?
15
Suppose -6*p + 11*p - 80 = 0. Calculate the remainder when 46 is divided by p.
14
Let q = -103 - -173. Calculate the remainder when q is divided by 24.
22
Let w = 1 + 3. Suppose -w*c = 3*m - 7*c - 147, -5*m + 2*c + 236 = 0. Suppose 0 = f - 4 - 12. What is the remainder when m is divided by f?
14
Let a = 15 + -9. What is the remainder when 16 is divided by a?
4
Let v be ((-3)/2)/(-1)*2. Suppose 26 = 5*f + v*p, 10 = 4*f + 4*p - 14. What is the remainder when f is divided by (4/(-6))/(6/(-27))?
1
Let y be (-1)/(-2) - 158/(-4). Suppose -5*k = 3*d - 20, 5*k + 0*d - d - y = 0. Calculate the remainder when 11 - (-2)/((-8)/20*-5) is divided by k.
5
Let r = 126 - 62. What is the remainder when r is divided by 17?
13
Suppose 2*y - y = 0. Suppose y = m - 5*w, 0 = -0*m + 2*m - 3*w - 21. Calculate the remainder when (-4)/(-6) - 127/(-3) is divided by m.
13
Let l(m) = m**2 + m. Calculate the remainder when 6 is divided by l(1).
0
Let n(g) be the second derivative of -g**4/12 - 11*g**3/6 - 5*g**2 - 2*g. What is the remainder when 52 is divided by n(-7)?
16
Suppose -4*v - 25 = v, -t + 4*v + 49 = 0. Let y(a) = 